(f) = -2*f**2 + 11*f - 2. Let g be o(5). Suppose k = 3*j - g*s, 2*s - 4*s - 55 = -3*j. List the prime factors of j.
19
Let b = -22 + 52. Suppose b = -0*v + 5*v. What are the prime factors of v/(-1 - 10/(-4))?
2
Suppose 37*x = 24*x + 5291. What are the prime factors of x?
11, 37
Suppose -3*f = -5*f + 2*w - 50, 2*f + w = -41. Let n = -22 - f. Suppose -4*b - 5*m + n*m = -33, -2*b = -4*m + 16. List the prime factors of b.
2
Suppose -8 = -0*j - 4*j. Let b = j + 19. What are the prime factors of b?
3, 7
Suppose -6*x + 172 = -4*x. List the prime factors of x/(2/6*6).
43
Let k(c) = 5*c**2 - 14*c - 32. List the prime factors of k(14).
2, 47
Let k = 3062 - 2015. List the prime factors of k.
3, 349
Let a(l) = -l**2 - 3*l + 12. Let i be a(-5). Suppose i*d - 4 = 14. List the prime factors of d.
3
Let j be (-6)/(-9) - 5420/(-6). Suppose -5*y - 314 = -j. What are the prime factors of y?
2, 59
List the prime factors of ((-72)/9 - -13) + (1372 - 2).
5, 11
Suppose 0 = 3*f - 5*j + 1751, 4*j - 2378 = 4*f + 6*j. What are the prime factors of f/(-14) - (-10)/(-35)?
2, 3, 7
Let k = 188 + 630. List the prime factors of k.
2, 409
Let p be -1 + -2 + 2 + -4. Let t = 4 - p. Let f = t - 1. What are the prime factors of f?
2
Let k be -39*(-1)/(-1) + -2. Let p be ((-183)/(-3))/(-2 - -1). Let c = k - p. What are the prime factors of c?
2, 5
Suppose 2*p + 5*o + 1077 = 0, 3*p + 3*o - 2*o + 1596 = 0. Let j = p + 761. List the prime factors of j.
2, 5, 23
Let u(g) = 3*g**2. Let v be u(1). Suppose -2*a = v*a - m - 416, 4*a + 3*m = 348. List the prime factors of a.
2, 3, 7
Let s(o) = -o**3 - 3*o**2 - 38*o + 28. What are the prime factors of s(-13)?
2, 7, 79
Let o be -4 - 117/(4 - 3). Let b = -84 - o. What are the prime factors of b?
37
Let u(j) = 14*j**2 - 17*j - 15. List the prime factors of u(-11).
2, 3, 311
Let a(c) = -2 - 5 + 55*c - 4. Let v be a(5). Suppose 0*d = 4*d - v. What are the prime factors of d?
2, 3, 11
Let x(i) = 166*i**2 - i + 2. What are the prime factors of x(1)?
167
Let d = -514 + 914. What are the prime factors of d?
2, 5
Let i(n) = -n**3 - 2*n**2 - 4*n. Let h be (-2)/(3/6*1). Let y be i(h). Suppose 0*q = -4*a + 2*q + 64, 3*q - y = -3*a. What are the prime factors of a?
2
What are the prime factors of 1883/21 - (-2)/(-3)?
89
Let h = 1028 - -222. What are the prime factors of h?
2, 5
Suppose -5*q + 47 - 202 = 0. Suppose -308 = -g - 237. Let y = g + q. List the prime factors of y.
2, 5
Let v = -167 + 245. Suppose 21 + 1 = l + 3*m, 3*l = 3*m + v. List the prime factors of ((-45)/l)/((-9)/105).
3, 7
List the prime factors of (8/10)/((-88)/(-76340)).
2, 347
Let r be 3*(0 + 4/3). Let i(c) = 14*c - 236. Let k be i(17). Suppose -y - 5*b + 95 = k*y, -150 = -r*y + 5*b. What are the prime factors of y?
5, 7
Let s(j) = -j. Let m(v) = -v - 2. Let t(u) = m(u) + s(u). Let n be t(-2). Suppose 0 = -n*y + 7*y - 10. List the prime factors of y.
2
Suppose 145 = 4*v + 37. List the prime factors of ((-450)/35)/((v/(-42))/3).
2, 3, 5
Suppose 0 = 5*c - 2*n - 2, 3*c - 2 = -2*n + 3*n. Let a be 3/c*12/(-9). Let y = 4 + a. What are the prime factors of y?
2
Suppose 0 = 14*m - 13*m - 4222. List the prime factors of m.
2, 2111
Let f(n) be the second derivative of -n**4/12 + 7*n**3/6 + 5*n**2/2 + 7*n. Let u be f(6). Let q = 19 - u. What are the prime factors of q?
2
Let p(y) = y**2 + 2*y. Let r be p(2). Let m(g) = g**3 + 16*g**2 + 2*g + 29. Let u be m(-16). List the prime factors of -4*u/r*8.
2, 3
Let d be 14/(-4) + (-6)/4. Let y be (-2 - (d - -1))*4. Let x = 20 - y. What are the prime factors of x?
2, 3
Suppose -27*q - 11220 = -33*q. What are the prime factors of q?
2, 5, 11, 17
Let j be (938/42)/(2/(-1 + 13)). Suppose -i = 5*c - 24 - 4, -5*c = 3*i - j. What are the prime factors of i?
53
Let g(r) = 7*r**2 - r + 1073. What are the prime factors of g(0)?
29, 37
Let b be (-6)/(-48) + 46/16. Let l(o) = 4*o**2 - 3*o + 8. List the prime factors of l(b).
5, 7
Let r = 7 + -20. Let i = r - -15. Suppose 0 = i*h - 46 - 8. What are the prime factors of h?
3
Suppose -5*n + 315 = 5*i, 3*i - i = 2*n - 114. Suppose 5*o + 4*g - 5*g = 150, -2*o - 4*g = -n. List the prime factors of o.
2, 3, 5
Let l(p) = 2*p + 16. Let y(h) = 4*h + 33. Let x(a) = -5*l(a) + 2*y(a). Let n be x(-9). What are the prime factors of (-14)/(n - (-36)/(-8))?
2, 7
Let m(z) = 17*z - 19. Let r(h) = -6*h + 6. Let k(s) = 4*m(s) + 11*r(s). Let f be k(6). List the prime factors of 5/(f + (0 - 1)).
5
Let x = -141 + 139. What are the prime factors of (174/(-48)*x)/(3/84)?
7, 29
Suppose -3*c + c = -116. Let y = -1006 + 1038. Suppose 0 = -6*n + y + c. What are the prime factors of n?
3, 5
Suppose 2*m - m + 1 = 0, -3*a - 4*m + 2 = 0. Suppose 0*z = a*z + 2*o - 18, 0 = -2*o + 6. What are the prime factors of z?
2, 3
Suppose -3*l = -2 - 4, -3*l = 4*b - 14. Suppose -173 = -2*i + 3*x, -b*i + 3*i - 3*x - 88 = 0. List the prime factors of i.
5, 17
Let m(w) = 8*w**2 - w + 10. Let s be m(-3). Suppose h + 0*g - 2*g - s = 0, -437 = -5*h - 2*g. List the prime factors of h.
3, 29
Let a be 1*(-3 + 21/6)*-122. Let d = a - -66. What are the prime factors of d?
5
Suppose 2*x = -3*v + 6512, -5*v = -5*x - 3442 - 7428. What are the prime factors of v?
2, 3, 181
Let c(a) = 2*a**2 - 10*a + 3. Suppose 3*f - 35 = 5*p, -3 = -3*p - 0*p - 3*f. What are the prime factors of c(p)?
3, 5
Let t(r) = r - 1. Let l be t(3). Suppose 6*a = 3*a - 2*k + 114, -l*k - 30 = -a. List the prime factors of a.
2, 3
Let u(y) be the first derivative of -y**4/4 + y**3/3 - y**2 + 12*y + 3. What are the prime factors of u(-5)?
2, 43
What are the prime factors of (14 + (-2152)/32)*328/(-6)?
41, 71
Let n(w) be the first derivative of 8*w**3/3 + 5*w**2 - 9*w + 19. What are the prime factors of n(4)?
3, 53
Let m be 16/(-12)*(-9)/6. Let w be m/(-3) - 177/(-9). Suppose 4*d + 7 - w = 0. List the prime factors of d.
3
Suppose -4*j + 66040 = 12*i, 2873 = -3*i + 5*j + 19377. What are the prime factors of i?
5503
Suppose 8*v - 19 = 3*v - t, 5*v + 5*t - 15 = 0. Suppose 5*k - 4 = k. List the prime factors of k + 3 + -1 + v.
7
Let s(o) = -2*o**3 - 3*o**2 + o + 2. Let b be s(-2). Suppose y = -2*n + 299, -b*y - 2 + 6 = 0. List the prime factors of n.
149
Suppose 0 = -5*i + g + 4473, 0*i = 3*i - 4*g - 2694. List the prime factors of i.
2, 3, 149
Suppose -o + 53 + 103 = 0. Suppose o = 5*z - z. List the prime factors of z/(-91) + 650/14.
2, 23
What are the prime factors of (2/8)/((-28)/(-4592))?
41
Let w(j) be the first derivative of -j**3/3 - 9*j**2/2 - 14*j - 2. Let u be w(-6). Suppose -2*x - 40 = -u*x. What are the prime factors of x?
2, 5
Suppose -598 = -m - 3*k, -5*m + k + 3985 - 963 = 0. List the prime factors of m.
2, 151
List the prime factors of (1/(-3))/(14854/3714 - 4).
619
Suppose -a - 99 = 6*k - 7*k, -3*k = 2*a - 292. What are the prime factors of k?
2, 7
Suppose 40 = -4*w - 4*r, 8 + 2 = -w + 3*r. Let t = w + 35. List the prime factors of t.
5
Suppose 0 = 6*s - 7*s - 2*o + 364, -4*o = s - 364. What are the prime factors of s?
2, 7, 13
Let n = 245 + 2876. What are the prime factors of n?
3121
Let t be (-8)/2*30/(-40). Suppose -4*m + 376 = -n, t*n + 282 = 3*m - 2*n. What are the prime factors of m?
2, 47
Let v be (32/10)/(7/490*4). List the prime factors of (5 + v/(-4))*-9.
3
Let g be 1 + ((-9)/(-3) + 0)/1. Suppose 340 = -g*x + 8*x. List the prime factors of x.
5, 17
Let d = 29 + -17. Suppose -7*q - 10 + 3 = 0. What are the prime factors of (-6)/(2 - q) + d?
2, 5
Suppose 5*b = 3*p + 48, 0*b - 2*b + 21 = -3*p. Let g = 3 - b. Let t(u) = -2*u + 2. What are the prime factors of t(g)?
2, 7
List the prime factors of -3 - (-2431 + (-3 + 2)/1).
7, 347
Let t(o) = -13*o**3 + 37*o**2 + 36*o + 9. Let u(c) = -3*c**3 + 9*c**2 + 9*c + 2. Let v(j) = 2*t(j) - 9*u(j). What are the prime factors of v(9)?
3
Suppose m = 2*r - 549, 567 = -5*r + 7*r + 5*m. What are the prime factors of r?
2, 3, 23
Suppose -4*a = -13*a + 9. What are the prime factors of (95/a)/(3 - 2)?
5, 19
Suppose a = 3*s - 20, 5*s = 4*a + 12 + 61. Let z be 2/1 + -3 - a. Suppose 0 = -4*u + 4 + z. List the prime factors of u.
5
Let k(p) be the third derivative of 7*p**5/30 - p**4/8 - p**3/3 - 10*p**2. What are the prime factors of k(-2)?
2, 3, 5
Suppose 5*v = 980 + 430. Suppose 3*x - 358 = -5*f, -6*x + 4*x - v = -4*f. What are the prime factors of f?
71
S